k?
7
Suppose -54*i + 52*i + 324 = y, 5*i + 338 = y. What is the hundreds digit of y?
3
What is the units digit of (-16050)/(-125)*(-20)/(-6)?
8
Suppose -2*b + 8 = -4*b + 2*r, -3*b + 23 = 4*r. What is the units digit of 4 + b*(0 - -120)?
4
Let i(n) = -n + 47. Let b be i(0). Let t = b - 70. Let h = t + 33. What is the units digit of h?
0
Let c be -4 - 4/(-16)*0. What is the tens digit of (-64)/(-3)*(-6)/c?
3
Let l = 258 - 4. What is the units digit of l?
4
Suppose -4*z + 8 - 28 = -4*g, -5*g - z + 7 = 0. Suppose -68 = -5*p - 4*h, 0 = -g*h - 6 - 0. What is the tens digit of p?
1
Suppose -l + 4*a + 3 = -5, -a - 47 = -4*l. Let i be l/(-16)*-4 + 1. Suppose 3*p - i*k = 125, -2*k + 1 + 1 = 0. What is the units digit of p?
3
Suppose 0 = -1175*j + 1174*j + 1082. What is the tens digit of j?
8
Suppose -2*m = -645 + 97. What is the units digit of m?
4
Let w = -8 + 13. Let n = w - -37. What is the units digit of n?
2
Suppose -3*c - 424 = 89. Let l = c - -285. What is the hundreds digit of l?
1
Suppose -6*z = -2*z. Suppose -4 = -2*v + 6. Suppose 2*y - 5*y + 52 = k, z = v*k - 3*y - 170. What is the tens digit of k?
3
Suppose x - 131 = -4*q, 3*q - 3*x - x = 84. Suppose 13*p = 15*p - q. What is the units digit of p?
6
Suppose -10962*s = -10959*s - 6222. What is the units digit of s?
4
Let z(g) = -g**3 - 18*g**2 - 3*g - 57. What is the thousands digit of z(-21)?
1
Suppose 0 = -l + 6 - 3. Suppose -l*p = -3*h - h + 72, 4*h = p + 72. Suppose 2*q - h = 20. What is the tens digit of q?
1
Let n = 893 - -435. What is the units digit of n?
8
Let a be -4 - (40/4)/(-1). Let k(c) = c**3 - 6*c**2 + 2*c - 1. What is the tens digit of k(a)?
1
Let n = -3493 - -5051. What is the tens digit of n?
5
Suppose -4*l + 4 = z, 3*z = -5*l + 1 + 4. Suppose z = -18*a + 20*a - 222. What is the units digit of a?
1
Let t = 90 + -139. Let m(g) = -28*g - 1. Let c be m(1). Let x = c - t. What is the units digit of x?
0
Suppose 5 = 2*v - 3. Suppose -2*y = 3*i - i - v, i - y = 0. What is the tens digit of i + -2 + 12 + 3?
1
What is the tens digit of 2 + -6 + 9 + 0 - -2079?
8
Let r = -1023 + 2236. What is the tens digit of r?
1
Let s = 210 - -109. Suppose -4*c + s = -173. What is the tens digit of c?
2
What is the hundreds digit of -167*-1*(-4)/(-4)?
1
Let m(p) = -p**3 - 6*p**2 + 8*p + 10. Let d be m(-7). Suppose -58 = l + d*u, 4*l + 2*u + 284 = 3*u. Let k = -40 - l. What is the tens digit of k?
3
Let t = 182 + -178. Suppose -3*c = -919 + 319. Suppose -h = t*h - c. What is the tens digit of h?
4
Let f = -292 - -315. What is the units digit of f?
3
Let z = 20 - -9. Let k = 41 - z. What is the units digit of 45/7 + k/(-28)?
6
Suppose -2*y + 12 = -y + r, 4*y - r - 48 = 0. What is the units digit of 123*4/y + 0?
1
Let p be 3 - (-834 + (4 - 4)). Suppose -114 = -5*x + d + 715, -3*d = -5*x + p. What is the hundreds digit of x?
1
Suppose 6*z - 4*z = 0. Suppose -4*u + 1 + z = 3*s, 2*u - 8 = -4*s. What is the units digit of (-78)/(-90) + u/(-15)?
1
Let n(f) = -f**3 + 4*f**2 + 12*f - 5. Let v be n(5). Let w = 52 - v. What is the tens digit of w?
2
Let w(x) = -x**2 - x - 1. Let j(m) = -2*m**2 - 23*m + 29. Let f(s) = j(s) - 3*w(s). What is the units digit of f(22)?
6
Let p = -148 + 1335. What is the hundreds digit of p?
1
Let g be (-6)/4*(-4)/3. Suppose 0 = -g*b - 3*b + 10. Suppose 4*q - 179 = 4*d - 15, -3*q + b*d = -119. What is the tens digit of q?
3
Let b = -20 + 22. Suppose 0 = 5*h + b + 18. What is the tens digit of ((-345)/(-6))/(-5)*h?
4
Let y = 147 - 42. Suppose -m + y - 27 = -4*d, -2*d = -4*m + 256. Suppose -33 = -5*s + m. What is the tens digit of s?
1
Let h(c) = -5*c + 0 - 5 - 6 + 4. Let s = 23 - 33. What is the tens digit of h(s)?
4
What is the hundreds digit of ((-2162)/(-470))/(2/1250)?
8
Let t = 2912 - 1858. What is the thousands digit of t?
1
Suppose -2*o + 0*u = -2*u + 4, 5*o = -u + 14. What is the tens digit of (o + (-32)/6)/(6/(-90))?
5
Suppose 3*x + 3*m - 12 = 0, 3*x = 5*x + m - 8. Suppose -2*a - 2*g = x, -2*a = -3*a - 3*g - 10. Let b = 7 - a. What is the units digit of b?
5
Let h be ((-44)/(-10))/(8/40). Let t(v) = -4*v - 1. Let k be t(-1). Let w = k + h. What is the tens digit of w?
2
Suppose 8*g - 101 - 67 = 0. What is the tens digit of g?
2
Let s = -2 + -4. Let w = s + -6. What is the tens digit of 2/(-6) - 292/w?
2
Let i = 14 + -14. Suppose -o = 2*l - i - 3, 3*l = 4*o - 12. Suppose -s + 37 = -l*s. What is the tens digit of s?
3
Let n(k) = 10*k - 6. Let s be n(-11). Let z = -17 - s. Suppose 0*d - 3*d + z = 0. What is the tens digit of d?
3
Let h(x) = 12 + 1 - 1 + x**2 + x. Let z be ((0 - 0/3)/(-1))/(-2). What is the tens digit of h(z)?
1
Suppose 0*m - 2*m + 750 = -4*h, 0 = 2*m + 2*h - 750. Let p = m - 232. What is the units digit of p?
3
Let b(w) = -w**2 + 13*w + 1. Suppose 0*t - 5*t + 35 = 0. What is the units digit of b(t)?
3
Let c be (-3)/(-6)*-4 + 4. Suppose -5*i = 3*u - 14, c*u - 5*u = -2*i + 14. Suppose p = i*p + 5*b - 1, 3*b = 4*p - 40. What is the units digit of p?
7
Let h be -3 + 1 - (-2 + -4). Suppose -2*i - w = -99, 3*w + 5 = -h. Suppose -9 = -5*m + i. What is the units digit of m?
2
Let b = 404 + 449. What is the units digit of b?
3
Let o(k) = 3*k + 14. Suppose -2*s = -4*i - 30, 4*s - 4*i = -0*s + 48. What is the units digit of o(s)?
1
Let m(l) be the third derivative of l**6/120 + 2*l**5/15 - l**4/12 + l**3/2 - l**2. What is the tens digit of m(-8)?
1
Let s = 14 - 0. Let k(w) = -7*w + 7. Let d be k(s). What is the tens digit of 620/26 - 14/d?
2
Suppose -15 = -5*h + 230. Suppose -7*u = h + 7. Let s(a) = -a**3 - 8*a**2 - 3*a + 3. What is the units digit of s(u)?
7
Suppose 0 = 134*r - 124*r - 24540. What is the units digit of r?
4
Let n(f) be the third derivative of -11*f**4/12 - f**3/6 - 9*f**2. What is the units digit of n(-7)?
3
Let h = -6 - -31. Suppose 117 - h = 4*t. What is the tens digit of t?
2
Let l(j) = -16*j**2 - 10*j + 5. Let g be l(-8). What is the tens digit of g/(-21) + (-2)/(-7)?
4
Let z = -29 - -88. Let l = z - 39. Let r = 25 + l. What is the tens digit of r?
4
Let v(b) = -b - 12 + b**2 + 6 + 8 - b + 27*b**3. What is the tens digit of v(1)?
2
What is the units digit of (-12)/21 - (4854/(-21))/2?
5
Let z(i) = -i**3 - 14*i**2 - 5*i - 18. Let x = 37 - 51. What is the tens digit of z(x)?
5
Let q(n) = n**2 - 28*n + 98. Let y be q(24). Suppose -4*o + 43 = 3*c, 22 = c + 2*o + 7. Suppose x - c = -2*j, -y = -2*j + 6. What is the units digit of x?
5
Suppose -11680 - 24104 = -18*c. What is the hundreds digit of c?
9
Suppose 22*m = 24*m - 6. Suppose -g - s + 156 = 0, s - 471 = -m*g - 3*s. Let t = g - 89. What is the units digit of t?
4
Let v be -6 - (15 + -20 + (-1 - -4)). What is the tens digit of 7316/279 - v/(-18)?
2
Suppose -18*v - 938 - 5830 = 0. Let c = v + 600. What is the units digit of c?
4
Suppose 5*s = 475 + 210. Suppose 6*k - 2*k - 12 = 0, s = 4*o + 3*k. What is the tens digit of o?
3
Suppose -2*z + 241 = 2*w - 1591, 2*z = -3*w + 2749. What is the tens digit of w?
1
Let j(r) = r**2 + 16*r + 16. Let i be j(-14). Let b = i + 17. Suppose -4*c + 2*q + 4 = 0, 2*q + 3*q - 20 = -b*c. What is the units digit of c?
2
Suppose 0 = -3*b + 4*g + 1924, -b + 3*g - 2*g = -642. Suppose 5*j = 3*l - 187 - b, 284 = l - 4*j. What is the tens digit of l?
7
Let a = 2925 + -492. What is the thousands digit of a?
2
Let o be 2/8 - (-3)/4. What is the units digit of 4 + (-21)/3 - (-88 - o)?
6
Let q(f) = 113*f + f**3 + 6*f**2 - 113*f - 4. What is the tens digit of q(-4)?
2
Let l = 13 + -8. Suppose 0 = -l*c + 7*c + 120. What is the tens digit of (2/(-5))/(2/c)?
1
Let c = -76 - -87. Let q be (6/(-5))/(9/(-30)). Suppose -q*b = -c - 121. What is the units digit of b?
3
Let z(o) = 57*o + 14. Let p(h) = -116*h - 29. Let g(y) = -2*p(y) - 5*z(y). What is the units digit of g(-5)?
3
Let q = 2 - -1. Suppose -3*x - p + 144 = p, -4*x + q*p + 175 = 0. What is the units digit of x?
6
Let r = -48 + 36. What is the units digit of (0 + r/(-5))*30?
2
Let x be 12/(-15)*860/(-4). Let a = 311 - x. What is the hundreds digit of a?
1
Suppose c - 16 = 2*g, 8*c - 3*c = g + 107. Suppose 0 = -i + 2. Let v = c + i. What is the tens digit of v?
2
What is the tens digit of (120/(-14))/((-10)/420)?
6
What is the thousands digit of (-792)/(-2 + 25/20)?
1
Suppose -149 = -8*x + 2171. What is the units digit of x?
0
